 p(r). What is the highest common divisor of 7 and z?
7
Let o be (2 + 0)/(3 - (-1035)/(-351)). Calculate the greatest common factor of 52 and o.
13
Let w = -22 + 37. Calculate the greatest common factor of 75 and w.
15
Let t be 2/(1 - 93/99). Let c be (-12)/(-7) + 16/56. Suppose 0 = c*a - a - 22. What is the highest common divisor of a and t?
11
Suppose 0 = 9*g - 3*g - 210. What is the greatest common divisor of 70 and g?
35
Let a be 3/2 - (-1)/2. Suppose -5*d = -20, 0*d + 82 = 2*w - a*d. What is the greatest common divisor of 18 and w?
9
Let u = 28 + -14. Calculate the greatest common factor of 35 and u.
7
Let m be 1/(-3 + 130/43). Suppose 0 = 5*g - m - 57. Calculate the greatest common factor of 10 and g.
10
Let a(z) = z - 14*z + 9*z. Let i be a(-2). Suppose h + 0*h - i = x, -3*h - x + 40 = 0. Calculate the greatest common factor of 48 and h.
12
Suppose 3*w = 6*w - 9. What is the highest common factor of 1 and w?
1
Let i = 188 - 101. Let h = i + -60. Calculate the highest common divisor of 3 and h.
3
Suppose x + 11 = h, 4*h = -4*x - 0 + 12. Let j(b) = -30*b + 14*b + 7*b + 3 + 10*b. Let n be j(h). Calculate the greatest common factor of 15 and n.
5
Let j = 116 + -81. What is the highest common factor of j and 315?
35
Let c = -129 + 63. Suppose 190 = -2*w - 50. Let t = c - w. Calculate the highest common factor of t and 6.
6
Let b be (-5 + 68/12)*6*1. Calculate the greatest common factor of b and 10.
2
Suppose -5*o + o - 156 = 0. Let j be o*6/27*-6. Suppose -3*x = -32 - j. What is the highest common divisor of 42 and x?
14
Let k be (8/28)/(-1)*-7. Suppose -k*b + 56 = 2*i, -3*b - 5*i + 119 - 29 = 0. What is the highest common divisor of 10 and b?
5
Let c = -208 + 307. What is the greatest common factor of c and 11?
11
Let w = 173 + 16. Let f be 1/4 + w/12. Let s be ((-16)/5)/((-4)/10). Calculate the greatest common factor of f and s.
8
Let h = 21 - 16. Suppose a + 5*v = 55, -5*a - 52 = -4*v - 269. Calculate the highest common factor of a and h.
5
Suppose 19 + 41 = 6*l. Calculate the highest common factor of l and 30.
10
Let a be (-2)/5 - 208/(-20). Let s be 6/2*480/18. Calculate the highest common divisor of s and a.
10
Let c be ((-60)/3)/(-1 + 0). Let f = -50 - -100. Calculate the greatest common factor of c and f.
10
Suppose -q - 5 = 3*s, q - 1 = 3*s + 6*q. Suppose 0*p + 70 = 5*p. Let d = s + p. What is the highest common divisor of 132 and d?
12
Suppose -2*o + 3*x = 3*o - 90, 0 = o + 5*x - 46. Calculate the highest common factor of 231 and o.
21
Let z(p) be the first derivative of 17*p**2 - 4*p - 1. Let w be z(4). Let o = 326 + -314. Calculate the greatest common factor of w and o.
12
Let b(t) = 2*t**2 - t. Let i be b(-2). Let m(c) = -c**3 - c**2 + c - 81. Let k be m(0). Let x = k - -121. What is the greatest common factor of i and x?
10
Let f = -16 + 30. What is the greatest common factor of 7 and f?
7
Let i = 52 - 31. What is the greatest common factor of 28 and i?
7
Let b = -85 - -125. Let a(u) = -16*u**3 + u**2 - 1. Let p be a(-1). Calculate the highest common factor of p and b.
8
Suppose -4*p - 828 = 2*d, -5*d = -p - 135 - 94. Let a be p/(-38)*(2 + 0). Calculate the highest common divisor of 77 and a.
11
Suppose 0 = -l - 0 + 72. Calculate the highest common divisor of l and 48.
24
Let p = -1 - -8. Let w = -4 + p. Suppose 0*v - w*v = -150. Calculate the highest common divisor of v and 10.
10
Let g = -3 - -3. Suppose g = 3*d - 0*d - 48. Calculate the highest common divisor of d and 96.
16
Suppose -3*y - 4*h - 4 + 10 = 0, 0 = -2*y + 5*h - 19. Let a be (1089/(-18))/(1/y). What is the highest common factor of a and 11?
11
Suppose -336 = -a - 3*n, 4*n = 2*a - 792 + 70. Calculate the greatest common factor of 39 and a.
39
Let u = 23 + -8. Calculate the highest common divisor of 60 and u.
15
Suppose -3 = -n, 0*s - 5*s - 4*n = -352. Calculate the highest common divisor of s and 17.
17
Suppose 0 = -u - 7*u + 1944. What is the highest common divisor of u and 27?
27
Let n = 43 - 31. Calculate the highest common divisor of n and 108.
12
Suppose 2*t = -3*a + 178, -2*t = 2*a + t - 117. Let z = 3 + -2. Suppose n + b + 10 - 39 = 0, -z = n - 5*b. What is the greatest common factor of n and a?
12
Let y(a) = -2*a + 27. Let g be y(-14). Calculate the greatest common divisor of 11 and g.
11
Let j be (-1)/2 + 710/20. What is the highest common divisor of j and 7?
7
Suppose 20 = 5*l - 3*l. Let t be 3 + 1*(2 + -3). Calculate the highest common divisor of l and t.
2
Let u(p) be the second derivative of -p**3/6 + p**2 - 5*p. Let j be u(-2). Calculate the highest common factor of 12 and j.
4
Suppose v + 2*v - 11 = -5*r, -4*r + 28 = 4*v. Suppose -56 - 16 = -2*g + i, -2*i = 0. Calculate the highest common factor of g and v.
12
Let u(q) = -q**3 + 10*q**2 - 4*q - 9. Suppose -16 + 6 = o. Let n = o - -17. Let i be u(n). What is the greatest common divisor of 10 and i?
10
Let g = 8 + -3. Suppose -476 = -5*f - 2*i, 2*f + 3*i + 294 = g*f. What is the highest common divisor of 12 and f?
12
Suppose -1 = -2*b + 1. Let m be (0 + -2)/(-2)*b. Calculate the highest common divisor of 5 and m.
1
Suppose -15*t + 9 = -14*t. What is the greatest common factor of t and 99?
9
Suppose 8 = 5*r - r. Suppose 3*f = -f - r*y + 2, -2*y - 4 = 2*f. What is the greatest common factor of 15 and f?
3
Suppose 0 = -t - 3*m + 18, -2*t + 2 = -3*t + m. Let n be t/1 + 0 + 0. Suppose 2*o - 3*o = -18. What is the highest common divisor of n and o?
3
Suppose 4*c = -41 - 79. Let z be (-4)/(4/c*3). Calculate the highest common factor of z and 30.
10
Let a be (-32)/(-6) + 1/(-3). Let q be (-75)/5*(-24)/a. Let x(d) = d**2 - 4*d + 3. Let i be x(5). What is the highest common divisor of i and q?
8
Let c(f) = f**2 + f + 6. Let b be c(7). Suppose b = -2*p + 22. Let t = 56 + p. Calculate the highest common divisor of 12 and t.
12
Let y be ((-748)/10)/((-5)/25). What is the greatest common divisor of 34 and y?
34
Let w(d) = 21*d. Let k be w(3). Let x = -20 + k. Let v = x + 67. What is the highest common divisor of 11 and v?
11
Suppose 3*s + 0*s = 84. Calculate the greatest common divisor of s and 7.
7
Suppose 0*o + 3*p - 123 = -3*o, 0 = 3*o + 2*p - 127. Suppose 2*i - 34 - 32 = -4*v, -3*i = -2*v + 21. What is the highest common divisor of v and o?
15
Suppose 0 = -5*v + 7 + 8. Suppose -v = 2*t - 5*t. What is the greatest common factor of 7 and t?
1
Let o be -1 + 3 + (-36)/(-2). Suppose -j - o = -5*j. Suppose 4*v = q - 5, -q + 0*v + 3*v = -5. Calculate the greatest common factor of q and j.
5
Suppose 12 = -3*k, -11 = 2*p + 3*k + 3. Let g be p/(-2) - (-1865)/10. What is the highest common divisor of 17 and g?
17
Let m be (-27)/12*(-109 + 1). What is the highest common factor of 27 and m?
27
Let y = -8 - -76. Let b(n) = 3*n**2 - 4*n + 2. Let r be b(3). Calculate the greatest common divisor of y and r.
17
Let u be 9/11 - 2/(-11). Let b be (2 - 3)*(-9)/u. What is the highest common divisor of b and 18?
9
Suppose v - 22 = -2*r, 10*v - 10 = 5*v. What is the greatest common factor of 80 and r?
10
Let f = 195 + -69. Calculate the highest common factor of 21 and f.
21
Suppose -k + 5 = 2*o - 13, 3*o = -k + 29. What is the highest common divisor of 209 and o?
11
Suppose -c - 4*c - 150 = 0. Let u be 1 - -2*(-4)/8. Let i be 0 + u - (c - -8). Calculate the highest common factor of 55 and i.
11
Let n be 63 - -1*(-1 + 1). What is the highest common factor of 7 and n?
7
Let l = -172 + 249. Suppose -8 = 2*w + 18. Let f = -2 - w. Calculate the highest common divisor of l and f.
11
Let j(z) = -z**3 + 20*z**2 - 13*z - 26. Let b be j(19). Calculate the highest common divisor of 11 and b.
11
Let s(v) = -v**3 - 3*v**2 + 7*v + 7. Let d be (-5)/(-1)*2/(-2). Let t be s(d). What is the greatest common divisor of t and 88?
22
Let d(x) = -x**3 + 11*x**2 - 20*x - 4. Let y be d(7). What is the greatest common factor of 78 and y?
26
Let x = 6 + 0. Suppose -3*d + 3*f + 93 = -d, -5*d = -5*f - 245. Calculate the greatest common divisor of d and x.
6
Let v be (-4)/(-28) + (-110)/(-14) + -1. Calculate the greatest common divisor of 56 and v.
7
Let k(u) = u**3 + 9*u**2 + 5*u + 2. Let r be k(-8). Suppose -4*t = -186 + r. Calculate the greatest common divisor of t and 5.
5
Suppose -217 - 134 = -3*s. Let h(k) = -k**2 + 8*k - 3. Let j(g) = 2*g - 8. Let p be